emainder when 1756 is divided by 406.
132
Calculate the remainder when 16058 is divided by 5351.
5
Calculate the remainder when 22122 is divided by 155.
112
Calculate the remainder when 582095 is divided by 980.
955
Calculate the remainder when 2497 is divided by 2468.
29
What is the remainder when 2107 is divided by 987?
133
What is the remainder when 10251 is divided by 636?
75
What is the remainder when 2224 is divided by 741?
1
Calculate the remainder when 50599 is divided by 606.
301
Calculate the remainder when 50430 is divided by 97.
87
What is the remainder when 240500 is divided by 57?
17
Calculate the remainder when 10541 is divided by 702.
11
Calculate the remainder when 6496 is divided by 6442.
54
What is the remainder when 6003718 is divided by 255?
253
What is the remainder when 105038 is divided by 122?
118
What is the remainder when 2625 is divided by 1153?
319
What is the remainder when 732 is divided by 138?
42
What is the remainder when 1465 is divided by 96?
25
What is the remainder when 21182 is divided by 10484?
214
Calculate the remainder when 13599 is divided by 4.
3
What is the remainder when 72150 is divided by 622?
620
What is the remainder when 16113 is divided by 248?
241
What is the remainder when 25762 is divided by 1776?
898
What is the remainder when 148841 is divided by 1220?
1
Calculate the remainder when 326888 is divided by 485.
483
What is the remainder when 44464 is divided by 183?
178
Calculate the remainder when 311783 is divided by 17321.
5
What is the remainder when 170772 is divided by 45?
42
Calculate the remainder when 61766 is divided by 14.
12
Calculate the remainder when 5044 is divided by 18.
4
Calculate the remainder when 4867797 is divided by 1425.
1422
Calculate the remainder when 121 is divided by 31.
28
What is the remainder when 3639 is divided by 50?
39
Calculate the remainder when 2430 is divided by 64.
62
Calculate the remainder when 873 is divided by 430.
13
Calculate the remainder when 13856 is divided by 420.
416
What is the remainder when 3132 is divided by 228?
168
What is the remainder when 5816 is divided by 41?
35
What is the remainder when 19695 is divided by 49?
46
What is the remainder when 42239 is divided by 42231?
8
Calculate the remainder when 13901 is divided by 4631.
8
What is the remainder when 1955 is divided by 807?
341
What is the remainder when 2706 is divided by 46?
38
Calculate the remainder when 326417 is divided by 233.
217
Calculate the remainder when 476983 is divided by 314.
17
What is the remainder when 4594 is divided by 1709?
1176
Calculate the remainder when 12453 is divided by 146.
43
Calculate the remainder when 60337 is divided by 89.
84
Calculate the remainder when 28922 is divided by 26.
10
Calculate the remainder when 228539 is divided by 390.
389
Calculate the remainder when 9414 is divided by 2351.
10
Calculate the remainder when 424 is divided by 35.
4
Calculate the remainder when 116572 is divided by 60.
52
Calculate the remainder when 7644 is divided by 4.
0
Calculate the remainder when 81815 is divided by 156.
71
Calculate the remainder when 21656 is divided by 3597.
74
Calculate the remainder when 7106 is divided by 356.
342
Calculate the remainder when 19586 is divided by 15.
11
What is the remainder when 3427445 is divided by 25?
20
What is the remainder when 15889 is divided by 14?
13
Calculate the remainder when 7502 is divided by 1873.
10
What is the remainder when 4513 is divided by 189?
166
What is the remainder when 839 is divided by 31?
2
Calculate the remainder when 116981 is divided by 2207.
10
What is the remainder when 4684 is divided by 589?
561
What is the remainder when 2735 is divided by 381?
68
What is the remainder when 273545 is divided by 117?
116
Calculate the remainder when 15129 is divided by 559.
36
Calculate the remainder when 12065 is divided by 372.
161
What is the remainder when 870 is divided by 47?
24
Calculate the remainder when 53666 is divided by 281.
276
Calculate the remainder when 1425222 is divided by 15.
12
What is the remainder when 6423 is divided by 86?
59
What is the remainder when 5725 is divided by 287?
272
What is the remainder when 64689 is divided by 163?
141
What is the remainder when 360 is divided by 22?
8
What is the remainder when 48427 is divided by 290?
287
Calculate the remainder when 31196 is divided by 3119.
6
Calculate the remainder when 1233 is divided by 311.
300
What is the remainder when 3474 is divided by 67?
57
Calculate the remainder when 1941 is divided by 77.
16
What is the remainder when 4001 is divided by 118?
107
What is the remainder when 83309 is divided by 85?
9
What is the remainder when 624015 is divided by 14?
7
Calculate the remainder when 2136 is divided by 575.
411
What is the remainder when 2625 is divided by 146?
143
What is the remainder when 24257 is divided by 30?
17
What is the remainder when 2842200 is divided by 1131?
1128
Calculate the remainder when 31704 is divided by 1877.
1672
What is the remainder when 4167 is divided by 1374?
45
What is the remainder when 451147 is divided by 150362?
61
Calculate the remainder when 1821 is divided by 69.
27
Calculate the remainder when 13774403 is divided by 43.
41
Calculate the remainder when 42001 is divided by 2467.
62
Calculate the remainder when 1469 is divided by 1012.
457
What is the remainder when 30954 is divided by 436?
434
Calculate the remainder when 265398 is divided by 6.
0
Calculate the remainder when 33791 is divided by 476.
471
Calculate the remainder when 2808 is divided by 47.
35
What is the remainder when 107768 is divided by 1211?
1200
Calculate the remainder when 2727 is divided by 71.
29
What is the remainder when 12596 is divided by 90?
86
Calculate the remainder when 463083 is divided by 231536.
11
Calculate the remainder when 126 is divided by 47.
32
What is the remainder when 3135 is divided by 177?
126
Calculate the remainder when 5543 is divided by 132.
131
What is the remainder when 131500 is divided by 21?
19
What is the remainder when 4553 is divided by 58?
29
What is the remainder when 339079 is divided by 5?
4
What is the remainder when 761052 is divided by 307?
306
Calculate the remainder when 1953 is divided by 323.
15
What is the remainder when 3012 is divided by 901?
309
Calculate the remainder when 5653161 is divided by 41.
40
What is the remainder when 67103 is divided by 390?
23
Calculate the remainder when 199366 is divided by 33217.
64
Calculate the remainder when 4132 is divided by 88.
84
What is the remainder when 595288 is divided by 519?
514
Calculate the remainder when 62061 is divided by 140.
41
Calculate the remainder when 322664 is divided by 194.
42
What is the remainder when 13100 is divided by 226?
218
What is the remainder when 70 is divided by 24?
22
Calculate the remainder when 19204 is divided by 468.
16
Calculate the remainder when 15496 is divided by 1328.
888
What is the remainder when 37444 is divided by 97?
2
Calculate the remainder when 6307 is divided by 478.
93
Calculate the remainder when 30688 is divided by 130.
8
Calculate the remainder when 75378 is divided by 37679.
20
Calculate the remainder when 96117 is divided by 13718.
91
Calculate the remainder when 45418 is divided by 336.
58
What is the remainder when 6532 is divided by 6520?
12
Calculate the remainder when 684531 is divided by 38.
37
What is the remainder when 2694 is divided by 722?
528
What is the remainder when 107115 is divided by 470?
425
Calculate the remainder when 38631 is divided by 280.
271
Calculate the remainder when 50121 is divided by 24982.
157
What is the remainder when 2801 is divided by 765?
506
What is the remainder when 5094 is divided by 393?
378
Calculate the remainder when 4263 is divided by 214.
197
Calculate the remainder when 13347 is divided by 2224.
3
Calculate the remainder when 102540 is divided by 986.
982
Calculate the remainder when 1696 is divided by 1662.
34
What is the remainder when 41787 is divided by 13925?
12
Calculate the remainder when 401393 is divided by 110.
3
What is the remainder when 21051 is divided by 412?
39
Calculate the remainder when 38182 is divided by 201.
193
What is the remainder when 2938 is divided by 1449?
40
Calculate t